= o**2 + 13*o + 30. Give u(-6).
-12
Let q(t) = -t**3 - 4*t**2 + 9*t + 22. What is q(-5)?
2
Let r(n) = -n**3 + n**2 + 1. Give r(0).
1
Let c(a) = a**2 + 6*a - 8. Determine c(-6).
-8
Let b(v) = v**3 + 4*v**2 - 2*v - 4. Determine b(-4).
4
Let f(x) = x**2 - 2*x - 18. Determine f(7).
17
Let k(z) = 3*z + 4. Calculate k(-2).
-2
Let u(k) = -k + 7. Calculate u(4).
3
Let m(g) = -g**2 - 23*g + 386. Determine m(-34).
12
Let b(h) = -h**2 - h + 1. Give b(-10).
-89
Let i(f) = 3*f + 5. Give i(-3).
-4
Let b(s) = -2*s**2 + 52*s + 172. Determine b(29).
-2
Let z(a) = a**2 - 10*a - 75. Determine z(-5).
0
Let w(q) = -5*q - 10. Determine w(-3).
5
Let r(m) = 24*m**3 + m**2 - m. Calculate r(1).
24
Let t(m) = 3*m**2 - 6*m - 7. What is t(4)?
17
Let h(p) = 5*p + 14. Give h(-8).
-26
Let o(p) = p**2 + 4*p + 6. Determine o(-7).
27
Let o(w) = w**3 + 7*w**2 - 16*w + 17. Give o(-9).
-1
Let z(j) = j**3 - 6*j**2 + 6*j - 5. Determine z(5).
0
Let l(z) = -z**3 - 8*z**2 - 9*z - 5. What is l(-7)?
9
Let y(n) = -n**3 - 5*n**2 - 3*n + 5. Determine y(-4).
1
Let b(x) = -3*x**2 + 66*x - 45. Calculate b(21).
18
Let w(v) = -v**3 - 17*v**2 - 17*v + 23. Calculate w(-16).
39
Let c(f) = -f + 20. Give c(17).
3
Let n(h) = -3*h**2 - h + 9. Determine n(6).
-105
Let o(r) = r**3 - 18*r**2 - 89*r - 2. Determine o(-4).
2
Let z(d) = -7*d**3 - 4*d**2 + 3*d + 1. What is z(2)?
-65
Let f(c) = -c**3 + 4*c**2 + 3*c - 4. Determine f(4).
8
Let b(h) = -h**2 + h - 6. Give b(3).
-12
Let s(o) = -3*o**2 - 9*o - 7. Give s(-6).
-61
Let x(m) = m**2 - 33*m + 38. Determine x(31).
-24
Let t(a) = 22*a**2 - a - 1. Determine t(-1).
22
Let t(z) = -z**3 - 7*z**2 + 8*z - 10. Give t(-8).
-10
Let y(p) = p**2 - 9*p - 4. Determine y(9).
-4
Let v(f) = f**3 + 7*f**2 + 6*f + 7. Determine v(-4).
31
Let u(j) = 3*j - 7. Determine u(0).
-7
Let x(p) = -2*p + 5. Give x(-7).
19
Let k(u) = -3*u - 18. Give k(-8).
6
Let l(q) = 2*q**3 + 17*q**2 + 35*q + 2. Give l(-4).
6
Let k(m) = -m**3 - 5*m**2 + 3*m - 1. Determine k(-6).
17
Let v(l) = -l**2 - 16*l + 15. Give v(-16).
15
Let k(l) = 8*l - 34. What is k(3)?
-10
Let x(d) = 23*d - 7. Determine x(3).
62
Let b(r) = -2*r**2 - 45*r - 18. Calculate b(-22).
4
Let k(l) = -l**3 + 11*l**2 + 15*l - 37. Give k(12).
-1
Let h(k) = k**3 + 10*k**2 + 8*k + 10. Determine h(-8).
74
Let x(n) = -6*n - 8. Give x(8).
-56
Let o(q) = 6*q - 28. Determine o(3).
-10
Let s(p) = 3*p**2 + 38*p + 114. Determine s(-6).
-6
Let p(i) = -3*i**3 - i**2 + 2. What is p(2)?
-26
Let r(j) = -25*j**3 + 3*j - 2. Calculate r(1).
-24
Let t(y) = -y**2 + 3*y - 4. Calculate t(4).
-8
Let a(s) = -s**2 - 11*s - 4. Give a(-12).
-16
Let j(c) = -2*c - 13. Calculate j(-10).
7
Let b(z) = -9*z + 74. What is b(10)?
-16
Let y(g) = 126*g + 520. What is y(-4)?
16
Let j(k) = -k**3 + 9*k**2 - 16*k - 17. Give j(6).
-5
Let l(h) = -h**3 + 7*h**2 + 3*h - 24. Determine l(5).
41
Let c(q) = q**3 - 2*q**2 - 9*q - 1. What is c(4)?
-5
Let i(f) = f**3 - 2*f**2 - 102. Determine i(0).
-102
Let f(v) = v**3 + 10*v**2 + 2*v + 18. Calculate f(-10).
-2
Let x(i) = i**3 - 2*i**2 - 2*i - 5. Determine x(3).
-2
Let m(j) = 11*j**2 - j - 1. Give m(-1).
11
Let o(g) = -2*g**2 - 11*g - 4. Calculate o(-7).
-25
Let z(b) = 2*b**2 - 36*b + 14. Determine z(17).
-20
Let m(h) = -6*h + 53. Determine m(-9).
107
Let f(x) = -x**2 + 7*x + 5. Determine f(7).
5
Let v(n) = n**2 - 7*n + 7. Give v(7).
7
Let q(z) = -z**3 + 27*z**2 - 52*z + 40. Calculate q(25).
-10
Let k(r) = -3*r**3 + 9*r**2 + 13*r - 33. Calculate k(3).
6
Let m(j) = 3*j + 3. What is m(-10)?
-27
Let g(v) = -5*v**2 - 32*v - 13. What is g(-6)?
-1
Let r(i) = -i**3 + 5*i**2 + 9*i - 16. Calculate r(6).
2
Let m(z) = z**3 + 6*z**2 - 6*z + 5. Calculate m(-7).
-2
Let y(x) = 3*x**2 - 75*x + 5. What is y(25)?
5
Let f(r) = r**3 + 14*r**2 + 15*r - 11. Give f(-13).
-37
Let b(a) = -a**2 + 18*a + 3. Determine b(18).
3
Let g(f) = 8*f + 24. Give g(6).
72
Let l(k) = -3*k - 15. Determine l(9).
-42
Let c(a) = a**3 - 3*a**2 - 23*a + 56. What is c(4)?
-20
Let o(d) = d**3 - 9*d**2 - 9*d + 7. Determine o(10).
17
Let v(u) = u**2 + u + 1. What is v(3)?
13
Let z(l) = l**2 - 2*l - 2. What is z(6)?
22
Let v(t) = t**2 + 9*t + 7. Determine v(-9).
7
Let x(g) = 2*g - 28. What is x(15)?
2
Let c(l) = 2*l**3 + 7*l**2 + 4*l - 2. Determine c(-4).
-34
Let h(u) = 60*u**2 - u + 1. Give h(1).
60
Let i(c) = -c**2 + 5*c + 9. Determine i(8).
-15
Let a(q) = 2*q**2 - 2*q - 11. Determine a(5).
29
Let i(y) = 9*y**3 - y**2 + y + 3. What is i(-1)?
-8
Let g(x) = 8*x - 2. Give g(-1).
-10
Let j(p) = -p. Calculate j(4).
-4
Let w(b) = -b**3 + 2. Calculate w(2).
-6
Let r(t) = 4*t - 21. Give r(8).
11
Let p(w) = 5*w - 3. Determine p(5).
22
Let f(j) = 4*j - 30. What is f(5)?
-10
Let k(f) = f**2 + 2*f + 29. Determine k(0).
29
Let g(l) = 2*l**3 - 3*l**2 + 2*l. What is g(3)?
33
Let n(m) = -m**3 + 9*m**2 - 12*m + 18. Calculate n(9).
-90
Let j(t) = -t**3 - 10*t**2 + 5*t + 24. Give j(-10).
-26
Let k(n) = n**3 + 10*n**2 + 8*n + 7. Determine k(-9).
16
Let m(h) = h - 27. Give m(17).
-10
Let d(n) = n**2 + 9*n + 9. Give d(-2).
-5
Let z(y) = -33*y + 175. Give z(6).
-23
Let u(s) = 10*s - 22. Calculate u(3).
8
Let g(w) = -2*w - 21. Give g(0).
-21
Let b(f) = f**3 - 8*f**2 + f + 1. Give b(8).
9
Let m(v) = -2*v**3 - 2*v**2 - 2*v - 2. Calculate m(-2).
10
Let b(m) = -m - 1. Determine b(0).
-1
Let n(g) = -26*g**2 - 2*g + 1. What is n(1)?
-27
Let k(y) = y**3 + 18*y**2 - 2*y - 16. What is k(-18)?
20
Let h(l) = -l**3 + 8*l**2 - 19*l + 6. Give h(3).
-6
Let q(h) = -17*h + 19. Calculate q(1).
2
Let k(n) = 103*n**3 + 3*n**2 - 2*n - 3. Determine k(-1).
-101
Let y(x) = 3*x**3 - 5*x**2 - x + 4. What is y(2)?
6
Let b(v) = -22*v - 5. Give b(-2).
39
Let a(q) = -2*q**2 - 31*q + 18. Give a(-16).
2
Let b(z) = -2*z**2 + 2*z - 1. Give b(4).
-25
Let c(h) = -5*h**2 - 46*h + 10. Calculate c(-9).
19
Let p(m) = 6*m + 20. What is p(8)?
68
Let a(n) = n**3 - 10*n**2 - 13*n + 10. Give a(11).
-12
Let v(o) = -10*o - 16. What is v(-4)?
24
Let w(p) = p**3 + 4*p**2 - 7*p + 4. Determine w(0).
4
Let z(d) = d - 10. Determine z(9).
-1
Let d(y) = -y**2 - 2*y - 7. What is d(3)?
-22
Let n(a) = -a**2 - 3*a + 4. Give n(2).
-6
Let s(v) = -v**2 - 11*v + 7. What is s(-12)?
-5
Let x(u) = -20*u + 16. Determine x(4).
-64
Let t(z) = 110*z**2 - z. What is t(1)?
109
Let j(w) = 54*w**2. What is j(1)?
54
Let y(t) = 2*t - 10. Calculate y(9).
8
Let p(g) = g**2 + 7*g + 6. What is p(-7)?
6
Let x(s) = s**2 + 16*s - 6. Determine x(6).
126
Let u(x) = 2*x**2 - 5*x - 5. What is u(3)?
-2
Let l(v) = -v**3 + 27*v**2 + 28*v + 2. Give l(28).
2
Let h(n) = -3*n**2 - 23*n + 4. Calculate h(-5).
44
Let m(x) = 12*x + 19. Determine m(-22).
-245
Let b(s) = 6*s + 30. Give b(-5).
0
Let l(a) = 3*a**2 - 15*a - 14. What is l(-1)?
4
Let h(c) = c**2 - 15*c - 332. Calculate h(27).
-8
Let f(v) = -16*v + 168. What is f(12)?
-24
Let d(y) = y**3 + 14*y**2 - 17*y - 19. Determine d(-15).
11
Let u(q) = -q**3 - 17*q**2 + 15*q - 44. Give u(-18).
10
Let v(c) = -c**3 - 9*c**2 + 4*c + 107. What is v(-8)?
11
Let i(z) = -z**3 + 3*z**2 - 2*z + 4. Give i(4).
-20
Let h(p) = p**3 + 12*p**2 + 2*p + 30. Give h(-12).
6
Let w(r) = 11*r - 6. Calculate w(4).
38
Let f(b) = -b**2 + b + 2. Determine f(2).
0
Let n(z) = z**3 + 2*z**2 - 39*z - 19. Determine n(-7).
9
Let g(h) = -10*h + 198. Determine g(20).
-2
Let q(r) = r - 1. Calculate q(14).
13
Let b(j) = j**3 - 5*j**2 - 7. Give b(5).
-7
Let l(b) = -b**2. What is l(-3)?
-9
Let h(k) = 2*k**3 + 31*k**2 - 13*k + 43. Determine h(-16).
-5
Let x(h) = -h**3 - 8*h**2 - 10*h - 6. Determine x(-6).
-18
Let v(n) = -n - 13. Give v(0).
-13
Let k(p) = p**2 + 30*p - 140. Calculate k(4).
-4
Let v(i) = 3*i - 4. Calculate v(-8).
-28
Let r(t) = -4*t - 2. Calculate r(8).
-34
Let a(y) = -y**3 + 5*y**2 + 7*y + 10. Calculate a(6).
16
Let a(w) = w**2 + 5*w - 4. Calculate a(-5).
-4
Let k(x) = x**2 + 11*x + 4. Calculate k(-10).
-6
Let n(s) = 2*s - 8. What is n(7)?
6
Let x(s) = -s**2 + 4*s + 64. Give x(10).
4
Let y(i) = -19*i**2 - 1. Determine y(1).
-20
Let a(p) = -p**2 - 6*p - 30. Determine a(-8).
-46
Let u(s) = 2*s**2 - s + 3. Calculate u(3).
18
Let m(d) = -7*d - 63. Calculate m(-9).
0
Let u(m) = -m**2 + m + 13. Give u(4).
1
Let d(j) = 12*j + 50. Determine d(-17).
-154
Let v(o) = -o**2 + 7*o - 6. Determine v(5).
4
Let t(x) = x**2 + 11*x. Give t(-11).
0
Let k(q) = 8*q + 43. Calculate k(-3).
19
Let u(x)